12433
What is 122223020 (base 4) in base 14?
2bb60
Convert 4077b21 (base 12) to base 6.
1111223241
What is 12a7937 (base 12) in base 4?
32020121323
-769c (base 14) to base 11
-14467
Convert -36126024 (base 7) to base 3.
-20000120212020
Convert 1104315431 (base 6) to base 13.
2631331
-54014614 (base 7) to base 4
-101201030011
Convert -12c84c (base 16) to base 4.
-10230201030
Convert 40788a (base 12) to base 9.
1806577
-395b6 (base 15) to base 9
-308700
Convert -880c8 (base 16) to base 8.
-2100310
Convert 1100222212 (base 3) to base 5.
1330334
What is 2331316 (base 7) in base 12?
121981
-32204245 (base 7) to base 5
-1200203134
What is 2c82a (base 15) in base 8?
430346
1222414 (base 6) to base 7
361426
2013243432 (base 5) to base 7
46225601
-ab0349 (base 13) to base 8
-17272425
-455346 (base 7) to base 13
-2ac09
Convert 103034053 (base 6) to base 9.
3380506
What is -21111211200 (base 3) in base 6?
-3100330
-726137 (base 11) to base 6
-40544310
-22210022121 (base 3) to base 6
-3412541
What is -1312022021 (base 4) in base 8?
-1661211
-14606616 (base 7) to base 3
-2121222210120
18231a (base 14) to base 10
851252
-3203222 (base 6) to base 3
-21221100012
-301242002 (base 5) to base 10
-1196502
What is -1101111101110011100 (base 2) in base 10?
-457628
What is 400421211 (base 5) in base 10?
1576431
-bc305 (base 14) to base 10
-456097
846243 (base 9) to base 5
112100321
What is -1001011101010110001110 (base 2) in base 12?
-9b6a92
What is 303240200 (base 5) in base 10?
1227550
What is 21021101020202 (base 3) in base 11?
22000a6
Convert -403882 (base 10) to base 7.
-3301333
22100 (base 5) to base 3
2002111
What is -1212160 (base 7) in base 14?
-403d7
126165 (base 8) to base 6
540221
11132232 (base 6) to base 9
565642
11001100010101011111 (base 2) to base 7
10054054
What is 133aa (base 12) in base 7?
140131
What is 10110101010001101110111 (base 2) in base 6?
331152223
What is -100101012000 (base 3) in base 2?
-101101000011111100
What is 201020221221 (base 3) in base 6?
12042511
-10b18 (base 12) to base 10
-22340
Convert 7c8355 (base 16) to base 4.
133020031111
-1048c (base 14) to base 7
-222435
What is -15344454 (base 6) in base 8?
-2044062
What is -162803 (base 10) in base 9?
-267282
What is -2121001011221 (base 3) in base 16?
-150970
-62c3 (base 14) to base 15
-50a2
10010010011100001110 (base 2) to base 14
118846
What is 1356122 (base 7) in base 5?
21312243
Convert 1ee4 (base 15) to base 13.
30b5
Convert 114402142 (base 5) to base 2.
10000100110100101111
What is -615a75 (base 13) in base 11?
-130a88a
What is -143012210 (base 5) in base 8?
-2672522
Convert 100210121 (base 6) to base 7.
20264050
What is 112000100212 (base 3) in base 6?
5524552
-3545600 (base 8) to base 12
-3a9140
Convert -13c06 (base 15) to base 9.
-106036
16163523 (base 8) to base 14
6d109d
1bb87a (base 14) to base 15
14900a
-40155244 (base 7) to base 9
-6226724
Convert -26ee4 (base 15) to base 12.
-60314
Convert -1101010000011001101111 (base 2) to base 12.
-11b703b
What is 25207152 (base 8) in base 13?
1202296
What is -3200503 (base 7) in base 14?
-a0d73
What is 74b1d (base 15) in base 4?
1122123022
What is 2e720 (base 16) in base 10?
190240
Convert -a98634 (base 15) to base 5.
-4031442044
1a598 (base 11) to base 12
14707
Convert 9e73b8 (base 15) to base 8.
34674356
Convert -1a880a (base 11) to base 7.
-2466166
-583765 (base 10) to base 14
-112a57
52530500 (base 7) to base 16
43d150
346655 (base 7) to base 9
104552
What is -1522433 (base 6) in base 12?
-43419
What is -1144223411 (base 5) in base 15?
-38cdc1
Convert 442005 (base 7) to base 14.
20375
What is -108348 (base 10) in base 14?
-2b6b2
-2617604 (base 9) to base 8
-5347522
733735 (base 11) to base 9
2182342
-11110000100000011101 (base 2) to base 13
-286513
What is -101000000100111110001011 (base 2) in base 16?
-a04f8b
Convert 2000012001200 (base 3) to base 9.
2005050
1002201111221010 (base 3) to base 9
32644833
What is -1ec7c9 (base 15) in base 4?
-11300233311
Convert -427660 (base 14) to base 2.
-1000100100111110010100
888d (base 15) to base 7
150232
Convert 16202 (base 9) to base 5.
323344
What is -92b0b5 (base 12) in base 4?
-20301203021
-21882356 (base 9) to base 8
-50416013
What is 110110010010011000 (base 2) in base 10?
222360
What is -15882b (base 12) in base 10?
-367523
-1100100101010000010 (base 2) to base 5
-101143130
Convert bba4ab (base 16) to base 12.
4150663
Convert -2135251 (base 6) to base 2.
-11001111010101111
Convert 5417462 (base 8) to base 9.
2648644
What is db292 (base 16) in base 11?
563495
Convert -4495235 (base 10) to base 8.
-21113603
Convert 662893 (base 11) to base 8.
4022134
What is 23435024 (base 8) in base 5?
2303023201
Convert -1100010100001101 (base 2) to base 4.
-30110031
-1001100001000010100011 (base 2) to base 12
-a03797
100420011 (base 5) to base 14
a7525
Convert 113403341 (base 5) to base 11.
331162
What is -2667640 (base 11) in base 9?
-8602100
7813735 (base 9) to base 13
b416b5
What is 2377546 (base 10) in base 14?
45c64a
Convert -351832 (base 13) to base 2.
-100110011101011110010
Convert -20bbd3 (base 15) to base 4.
-11330200110
Convert 2010120220211 (base 3) to base 4.
10110233200
Convert -10011001110111101110110 (base 2) to base 11.
-2934181
Convert 373a6b (base 12) to base 15.
12b2a5
485470 (base 9) to base 4
1013131230
Convert -1582b4 (base 13) to base 3.
-1000000222121
What is 35650 (base 11) in base 8?
144237
-14553642 (base 7) to base 2
-101010011101110101100
What is 20220202100 (base 3) in base 5?
13324033
Convert 402170 (base 10) to base 16.
622fa
2c0d0c (base 15) to base 9
4004623
Convert -90aba (base 14) to base 3.
-122200012000
1234204000 (base 5) to base 8
13455460
-434412 (base 11) to base 9
-1266823
12e276 (base 16) to base 8
4561166
What is -40919 (base 11) in base 7?
-335655
Convert -23004140 (base 5) to base 2.
-110001101110010110
-1796471 (base 11) to base 14
-591843
What is -747512 (base 8) in base 3?
-110200111012
What is -1437464 (base 12) in base 6?
-222535004
What is -258521 (base 16) in base 7?
-26620562
What is -10010010001001001 (base 2) in base 4?
-102101021
Convert -1385732 (base 11) to base 6.
-122555351
-223020213 (base 4) to base 11
-110818
Convert 1314728 (base 10) to base 6.
44102412
What is 133330121102 (base 4) in base 13?
1972649
Convert 213202233230 (base 4) to base 11.
5940095
113b1 (base 15) to base 12
278a1
201100202112011 (base 3) to base 8
47200520
Convert 102322213333 (base 4) to base 9.
10287067
8328273 (base 9) to base 4
100331321301
Convert -d485d7 (base 14) to base 11.
-4056886
Convert 1232331232 (base 5) to base 3.
12122222220220
4322023 (base 6) to base 8
637777
1100010110011010000101 (base 2) to base 9
6074022
What is -175c2 (base 15) in base 8?
-223445
Convert 1202220122 (base 3) to base 16.
8870
Convert -2360320 (base 7) to base 15.
-5de91
334057 (base 8) to base 6
2225411
What is 1ab817 (base 12) in base 13?
138a9c
-1010010211001220 (base 3) to base 7
-253103532
101110101100011 (base 2) to base 15
713c
What is -3738190 (base 11) in base 6?
-351125531
Convert 231fe (base 16) to base 4.
203013332
310963 (base 15) to base 10
2330868
323202033 (base 5) to base 8
5212216
What is 10a01 (base 12) in base 5?
1202202
Convert -713550 (base 9) to base 6.
-13020113
-6294b (base 15) to base 13
-ac38b
-9d76 (base 16) to base 9
-61258
Convert 160aab (base 15) to base 7.
12025343
123324212 (base 5) to base 4
2103230010
dcd2ca (base 16) to base 3
1000020020200122
What is 23258870 (base 9) in base 16?
acb1cb
What is 5405550 (base 6) in base 9?
444383
Convert -1262205 (base 8) to base 5.
-42302123
What is 411014 (base 5) in base 4?
3033023
826990 (base 10) to base 16
c9e6e
Convert 1a29714 (base 11) to base 4.
31003333002
Convert 505115 (base 6) to base 11.
28070
Convert 23113111213 (base 4) to base 10.
2979175
192426 (base 13) to base 8
2325144
-11101111110011001011001 (base 2) to base 10
-7857753
What is 631587 (base 9) in base 6?
12012554
Convert -74739 (base 12) to base 3.
-21210001000
What is 1110010000111110 (base 2) in base 3?
2222011002
What is -412223351 (base 6) in base 14?
-d314b1
111010111101001 (base 2) to base 3
1112101222
What is 50604225 (base 8) in base 3?
202002211110122
1627b13 (base 12) to base 2
10001010010111101111111
13131011442 (ba